{"id":4514,"date":"2018-04-12T07:30:09","date_gmt":"2018-04-12T05:30:09","guid":{"rendered":"https:\/\/myheritagelanguage.com\/about\/about-phzh\/"},"modified":"2025-04-24T11:29:43","modified_gmt":"2025-04-24T09:29:43","slug":"about-phzh","status":"publish","type":"page","link":"https:\/\/myheritagelanguage.com\/bkms\/about\/about-phzh\/","title":{"rendered":"O Pedago\u0161koj visokoj \u0161koli (U\u010diteljskom fakultetu) u Cirihu"},"content":{"rendered":"<p>Pedago\u0161ka visoka \u0161kola (U\u010diteljski fakultet) u Cirihu (PH Z\u00fcrich) je ustanova za obrazovanje i usavr\u0161avanje nastavnika u Kantonu Cirih. <\/p>\n<p><img loading=\"lazy\" class=\"aligncenter wp-image-1389 size-large\" src=\"http:\/\/hlt.cwd.gr\/wp-content\/uploads\/2018\/06\/phzh_01-1024x683.jpg\" alt=\"\" width=\"1024\" height=\"683\" srcset=\"https:\/\/myheritagelanguage.com\/wp-content\/uploads\/2018\/06\/phzh_01.jpg 1024w, https:\/\/myheritagelanguage.com\/wp-content\/uploads\/2018\/06\/phzh_01-300x200.jpg 300w, https:\/\/myheritagelanguage.com\/wp-content\/uploads\/2018\/06\/phzh_01-768x512.jpg 768w\" sizes=\"(max-width: 1024px) 100vw, 1024px\" \/><\/p>\n<p>Osnovana je u jesen 2002. spajanjem jedanaest prethodno postoje\u0107ih institucija za obrazovanje nastavnika. PH Cirih je uklju\u010dena u Kantonalno udru\u017eenje visoko\u0161kolskih ustanova i podeljena je na slede\u0107e oblasti:<\/p>\n<ul>\n<li>Obrazovanje nastavnika za sve \u0161kolske nivoe <\/li>\n<li>Usavr\u0161avanje i druge ponude za nastavnike, direktore \u0161kola i institucije zadu\u017eene za obrazovanje<\/li>\n<li>Nau\u010dna istra\u017eivanja i razvoj <\/li>\n<\/ul>\n<p>PH Cirih obrazuje oko 3800 studenata i 21.000 nastavnika na usavr\u0161avanjima i zapo\u0161ljava oko 600 predava\u010da, nau\u010dnih saradnika i asistenata, kao i 300 saradnika na administrativnim, tehni\u010dkim i operativnim poslovima (s punim ili skra\u0107enim radnim vremenom). <\/p>\n<p><img loading=\"lazy\" class=\"aligncenter wp-image-1390 size-large\" src=\"http:\/\/hlt.cwd.gr\/wp-content\/uploads\/2018\/06\/phzh_02-1024x683.jpg\" alt=\"\" width=\"1024\" height=\"683\" srcset=\"https:\/\/myheritagelanguage.com\/wp-content\/uploads\/2018\/06\/phzh_02-1024x683.jpg 1024w, https:\/\/myheritagelanguage.com\/wp-content\/uploads\/2018\/06\/phzh_02-300x200.jpg 300w, https:\/\/myheritagelanguage.com\/wp-content\/uploads\/2018\/06\/phzh_02-768x512.jpg 768w, https:\/\/myheritagelanguage.com\/wp-content\/uploads\/2018\/06\/phzh_02.jpg 2048w\" sizes=\"(max-width: 1024px) 100vw, 1024px\" \/><\/p>\n<p><img loading=\"lazy\" class=\"alignnone size-large wp-image-1391\" src=\"http:\/\/hlt.cwd.gr\/wp-content\/uploads\/2018\/06\/phzh_03-1024x683.jpg\" alt=\"\" width=\"1024\" height=\"683\" srcset=\"https:\/\/myheritagelanguage.com\/wp-content\/uploads\/2018\/06\/phzh_03-1024x683.jpg 1024w, https:\/\/myheritagelanguage.com\/wp-content\/uploads\/2018\/06\/phzh_03-300x200.jpg 300w, https:\/\/myheritagelanguage.com\/wp-content\/uploads\/2018\/06\/phzh_03-768x512.jpg 768w, https:\/\/myheritagelanguage.com\/wp-content\/uploads\/2018\/06\/phzh_03.jpg 2048w\" sizes=\"(max-width: 1024px) 100vw, 1024px\" \/><\/p>\n<p>&nbsp;<\/p>\n<p>Izvor: <a href=\"https:\/\/phzh.ch\/en\/about-phzh\/\" target=\"_blank\" rel=\"noopener\">PHZH\u00a0<\/a><\/p>\n","protected":false},"excerpt":{"rendered":"<p>Pedago\u0161ka visoka \u0161kola (U\u010diteljski fakultet) u Cirihu (PH Z\u00fcrich) je ustanova za obrazovanje i usavr\u0161avanje nastavnika u Kantonu Cirih. Osnovana je u jesen 2002. spajanjem jedanaest prethodno postoje\u0107ih institucija za obrazovanje nastavnika. PH Cirih je uklju\u010dena u Kantonalno udru\u017eenje visoko\u0161kolskih ustanova i podeljena je na slede\u0107e oblasti: Obrazovanje nastavnika za sve \u0161kolske nivoe Usavr\u0161avanje i [&hellip;]<\/p>\n","protected":false},"author":1,"featured_media":0,"parent":4488,"menu_order":0,"comment_status":"closed","ping_status":"closed","template":"","meta":[],"yoast_head":"<!-- This site is optimized with the Yoast SEO plugin v17.0 - https:\/\/yoast.com\/wordpress\/plugins\/seo\/ -->\n<meta name=\"robots\" content=\"index, follow, max-snippet:-1, max-image-preview:large, max-video-preview:-1\" \/>\n<link rel=\"canonical\" href=\"https:\/\/myheritagelanguage.com\/bkms\/about\/about-phzh\/\" \/>\n<meta property=\"og:locale\" content=\"en_US\" \/>\n<meta property=\"og:type\" content=\"article\" \/>\n<meta property=\"og:title\" content=\"O Pedago\u0161koj visokoj \u0161koli (U\u010diteljskom fakultetu) u Cirihu | HLT\" \/>\n<meta property=\"og:description\" content=\"Pedago\u0161ka visoka \u0161kola (U\u010diteljski fakultet) u Cirihu (PH Z\u00fcrich) je ustanova za obrazovanje i usavr\u0161avanje nastavnika u Kantonu Cirih. Osnovana je u jesen 2002. spajanjem jedanaest prethodno postoje\u0107ih institucija za obrazovanje nastavnika. PH Cirih je uklju\u010dena u Kantonalno udru\u017eenje visoko\u0161kolskih ustanova i podeljena je na slede\u0107e oblasti: Obrazovanje nastavnika za sve \u0161kolske nivoe Usavr\u0161avanje i [&hellip;]\" \/>\n<meta property=\"og:url\" content=\"https:\/\/myheritagelanguage.com\/bkms\/about\/about-phzh\/\" \/>\n<meta property=\"og:site_name\" content=\"HLT\" \/>\n<meta property=\"article:modified_time\" content=\"2025-04-24T09:29:43+00:00\" \/>\n<meta property=\"og:image\" content=\"http:\/\/hlt.cwd.gr\/wp-content\/uploads\/2018\/06\/phzh_01-1024x683.jpg\" \/>\n<meta name=\"twitter:card\" content=\"summary\" \/>\n<meta name=\"twitter:label1\" content=\"Est. reading time\" \/>\n\t<meta name=\"twitter:data1\" content=\"1 minute\" \/>\n<script type=\"application\/ld+json\" class=\"yoast-schema-graph\">{\"@context\":\"https:\/\/schema.org\",\"@graph\":[{\"@type\":\"WebSite\",\"@id\":\"https:\/\/myheritagelanguage.com\/bkms\/#website\",\"url\":\"https:\/\/myheritagelanguage.com\/bkms\/\",\"name\":\"HLT\",\"description\":\"Heritage Language Teaching\",\"potentialAction\":[{\"@type\":\"SearchAction\",\"target\":{\"@type\":\"EntryPoint\",\"urlTemplate\":\"https:\/\/myheritagelanguage.com\/bkms\/?s={search_term_string}\"},\"query-input\":\"required name=search_term_string\"}],\"inLanguage\":\"sr-SP\"},{\"@type\":\"ImageObject\",\"@id\":\"https:\/\/myheritagelanguage.com\/bkms\/about\/about-phzh\/#primaryimage\",\"inLanguage\":\"sr-SP\",\"url\":\"http:\/\/hlt.cwd.gr\/wp-content\/uploads\/2018\/06\/phzh_01-1024x683.jpg\",\"contentUrl\":\"http:\/\/hlt.cwd.gr\/wp-content\/uploads\/2018\/06\/phzh_01-1024x683.jpg\"},{\"@type\":\"WebPage\",\"@id\":\"https:\/\/myheritagelanguage.com\/bkms\/about\/about-phzh\/#webpage\",\"url\":\"https:\/\/myheritagelanguage.com\/bkms\/about\/about-phzh\/\",\"name\":\"O Pedago\\u0161koj visokoj \\u0161koli (U\\u010diteljskom fakultetu) u Cirihu | HLT\",\"isPartOf\":{\"@id\":\"https:\/\/myheritagelanguage.com\/bkms\/#website\"},\"primaryImageOfPage\":{\"@id\":\"https:\/\/myheritagelanguage.com\/bkms\/about\/about-phzh\/#primaryimage\"},\"datePublished\":\"2018-04-12T05:30:09+00:00\",\"dateModified\":\"2025-04-24T09:29:43+00:00\",\"breadcrumb\":{\"@id\":\"https:\/\/myheritagelanguage.com\/bkms\/about\/about-phzh\/#breadcrumb\"},\"inLanguage\":\"sr-SP\",\"potentialAction\":[{\"@type\":\"ReadAction\",\"target\":[\"https:\/\/myheritagelanguage.com\/bkms\/about\/about-phzh\/\"]}]},{\"@type\":\"BreadcrumbList\",\"@id\":\"https:\/\/myheritagelanguage.com\/bkms\/about\/about-phzh\/#breadcrumb\",\"itemListElement\":[{\"@type\":\"ListItem\",\"position\":1,\"name\":\"Home\",\"item\":\"https:\/\/myheritagelanguage.com\/bkms\/\"},{\"@type\":\"ListItem\",\"position\":2,\"name\":\"O Nama\",\"item\":\"https:\/\/myheritagelanguage.com\/bkms\/about\/\"},{\"@type\":\"ListItem\",\"position\":3,\"name\":\"O Pedago\\u0161koj visokoj \\u0161koli (U\\u010diteljskom fakultetu) u Cirihu\"}]}]}<\/script>\n<!-- \/ Yoast SEO plugin. -->","yoast_head_json":{"robots":{"index":"index","follow":"follow","max-snippet":"max-snippet:-1","max-image-preview":"max-image-preview:large","max-video-preview":"max-video-preview:-1"},"canonical":"https:\/\/myheritagelanguage.com\/bkms\/about\/about-phzh\/","og_locale":"en_US","og_type":"article","og_title":"O Pedago\u0161koj visokoj \u0161koli (U\u010diteljskom fakultetu) u Cirihu | HLT","og_description":"Pedago\u0161ka visoka \u0161kola (U\u010diteljski fakultet) u Cirihu (PH Z\u00fcrich) je ustanova za obrazovanje i usavr\u0161avanje nastavnika u Kantonu Cirih. Osnovana je u jesen 2002. spajanjem jedanaest prethodno postoje\u0107ih institucija za obrazovanje nastavnika. PH Cirih je uklju\u010dena u Kantonalno udru\u017eenje visoko\u0161kolskih ustanova i podeljena je na slede\u0107e oblasti: Obrazovanje nastavnika za sve \u0161kolske nivoe Usavr\u0161avanje i [&hellip;]","og_url":"https:\/\/myheritagelanguage.com\/bkms\/about\/about-phzh\/","og_site_name":"HLT","article_modified_time":"2025-04-24T09:29:43+00:00","og_image":[{"url":"http:\/\/hlt.cwd.gr\/wp-content\/uploads\/2018\/06\/phzh_01-1024x683.jpg"}],"twitter_card":"summary","twitter_misc":{"Est. reading time":"1 minute"},"schema":{"@context":"https:\/\/schema.org","@graph":[{"@type":"WebSite","@id":"https:\/\/myheritagelanguage.com\/bkms\/#website","url":"https:\/\/myheritagelanguage.com\/bkms\/","name":"HLT","description":"Heritage Language Teaching","potentialAction":[{"@type":"SearchAction","target":{"@type":"EntryPoint","urlTemplate":"https:\/\/myheritagelanguage.com\/bkms\/?s={search_term_string}"},"query-input":"required name=search_term_string"}],"inLanguage":"sr-SP"},{"@type":"ImageObject","@id":"https:\/\/myheritagelanguage.com\/bkms\/about\/about-phzh\/#primaryimage","inLanguage":"sr-SP","url":"http:\/\/hlt.cwd.gr\/wp-content\/uploads\/2018\/06\/phzh_01-1024x683.jpg","contentUrl":"http:\/\/hlt.cwd.gr\/wp-content\/uploads\/2018\/06\/phzh_01-1024x683.jpg"},{"@type":"WebPage","@id":"https:\/\/myheritagelanguage.com\/bkms\/about\/about-phzh\/#webpage","url":"https:\/\/myheritagelanguage.com\/bkms\/about\/about-phzh\/","name":"O Pedago\u0161koj visokoj \u0161koli (U\u010diteljskom fakultetu) u Cirihu | HLT","isPartOf":{"@id":"https:\/\/myheritagelanguage.com\/bkms\/#website"},"primaryImageOfPage":{"@id":"https:\/\/myheritagelanguage.com\/bkms\/about\/about-phzh\/#primaryimage"},"datePublished":"2018-04-12T05:30:09+00:00","dateModified":"2025-04-24T09:29:43+00:00","breadcrumb":{"@id":"https:\/\/myheritagelanguage.com\/bkms\/about\/about-phzh\/#breadcrumb"},"inLanguage":"sr-SP","potentialAction":[{"@type":"ReadAction","target":["https:\/\/myheritagelanguage.com\/bkms\/about\/about-phzh\/"]}]},{"@type":"BreadcrumbList","@id":"https:\/\/myheritagelanguage.com\/bkms\/about\/about-phzh\/#breadcrumb","itemListElement":[{"@type":"ListItem","position":1,"name":"Home","item":"https:\/\/myheritagelanguage.com\/bkms\/"},{"@type":"ListItem","position":2,"name":"O Nama","item":"https:\/\/myheritagelanguage.com\/bkms\/about\/"},{"@type":"ListItem","position":3,"name":"O Pedago\u0161koj visokoj \u0161koli (U\u010diteljskom fakultetu) u Cirihu"}]}]}},"_links":{"self":[{"href":"https:\/\/myheritagelanguage.com\/bkms\/wp-json\/wp\/v2\/pages\/4514"}],"collection":[{"href":"https:\/\/myheritagelanguage.com\/bkms\/wp-json\/wp\/v2\/pages"}],"about":[{"href":"https:\/\/myheritagelanguage.com\/bkms\/wp-json\/wp\/v2\/types\/page"}],"author":[{"embeddable":true,"href":"https:\/\/myheritagelanguage.com\/bkms\/wp-json\/wp\/v2\/users\/1"}],"replies":[{"embeddable":true,"href":"https:\/\/myheritagelanguage.com\/bkms\/wp-json\/wp\/v2\/comments?post=4514"}],"version-history":[{"count":3,"href":"https:\/\/myheritagelanguage.com\/bkms\/wp-json\/wp\/v2\/pages\/4514\/revisions"}],"predecessor-version":[{"id":17973,"href":"https:\/\/myheritagelanguage.com\/bkms\/wp-json\/wp\/v2\/pages\/4514\/revisions\/17973"}],"up":[{"embeddable":true,"href":"https:\/\/myheritagelanguage.com\/bkms\/wp-json\/wp\/v2\/pages\/4488"}],"wp:attachment":[{"href":"https:\/\/myheritagelanguage.com\/bkms\/wp-json\/wp\/v2\/media?parent=4514"}],"curies":[{"name":"wp","href":"https:\/\/api.w.org\/{rel}","templated":true}]}}