{"id":4528,"date":"2017-11-06T15:57:17","date_gmt":"2017-11-06T15:57:17","guid":{"rendered":"https:\/\/myheritagelanguage.com\/books\/"},"modified":"2018-10-18T19:20:40","modified_gmt":"2018-10-18T17:20:40","slug":"books","status":"publish","type":"page","link":"https:\/\/myheritagelanguage.com\/bkms\/books\/","title":{"rendered":"Knjige"},"content":{"rendered":"<p>Sa porastom mobilnosti u svetu, \u0161kola se pretvara u multikulturalno mesto. Deca i mladi ljudi sa migracionim poreklom moraju nau\u010diti jezik zemlje u kojoj \u017eive i, istovremeno, nastaviti da neguju jezik svoje zemlje porekla. Ve\u0107ina nastavnika u dopunskim \u0161kolama posve\u0107ena je tom drugom cilju. Me\u0111utim, njihove nastavne metode trebalo bi, koliko je to mogu\u0107e, da budu uskla\u0111ene s nastavnim metodama kakve u\u010denici upoznaju u redovnim \u0161kolama. Priru\u010dnici &#8220;Materijali za nastavu maternjeg jezika u dopunskim \u0161kolama&#8221; mogu upravo na tom polju pru\u017eiti neophodnu potporu nastavnicima u dopunskim \u0161kolama.<\/p>\n<p>Priru\u010dnik &#8220;Osnove i polazi\u0161ta&#8221; predstavlja klju\u010dne aspekte savremene pedagogije, didaktike i metodike u imigracionim zemljama zapadne i severne Evrope. U radnim sveskama s didakti\u010dkim podsticajima ponu\u0111eni su prakti\u010dni predlozi za nastavu i primeri planiranja \u010dasova na razli\u010ditim poljima nastave jezika.<\/p>\n","protected":false},"excerpt":{"rendered":"<p>Sa porastom mobilnosti u svetu, \u0161kola se pretvara u multikulturalno mesto. Deca i mladi ljudi sa migracionim poreklom moraju nau\u010diti jezik zemlje u kojoj \u017eive i, istovremeno, nastaviti da neguju jezik svoje zemlje porekla. Ve\u0107ina nastavnika u dopunskim \u0161kolama posve\u0107ena je tom drugom cilju. Me\u0111utim, njihove nastavne metode trebalo bi, koliko je to mogu\u0107e, da [&hellip;]<\/p>\n","protected":false},"author":1,"featured_media":0,"parent":0,"menu_order":0,"comment_status":"closed","ping_status":"closed","template":"","meta":[],"yoast_head":"<!-- This site is optimized with the Yoast SEO plugin v17.0 - https:\/\/yoast.com\/wordpress\/plugins\/seo\/ -->\n<meta name=\"robots\" content=\"index, follow, max-snippet:-1, max-image-preview:large, max-video-preview:-1\" \/>\n<link rel=\"canonical\" href=\"https:\/\/myheritagelanguage.com\/bkms\/books\/\" \/>\n<meta property=\"og:locale\" content=\"en_US\" \/>\n<meta property=\"og:type\" content=\"article\" \/>\n<meta property=\"og:title\" content=\"Knjige | HLT\" \/>\n<meta property=\"og:description\" content=\"Sa porastom mobilnosti u svetu, \u0161kola se pretvara u multikulturalno mesto. Deca i mladi ljudi sa migracionim poreklom moraju nau\u010diti jezik zemlje u kojoj \u017eive i, istovremeno, nastaviti da neguju jezik svoje zemlje porekla. Ve\u0107ina nastavnika u dopunskim \u0161kolama posve\u0107ena je tom drugom cilju. Me\u0111utim, njihove nastavne metode trebalo bi, koliko je to mogu\u0107e, da [&hellip;]\" \/>\n<meta property=\"og:url\" content=\"https:\/\/myheritagelanguage.com\/bkms\/books\/\" \/>\n<meta property=\"og:site_name\" content=\"HLT\" \/>\n<meta property=\"article:modified_time\" content=\"2018-10-18T17:20:40+00:00\" \/>\n<meta name=\"twitter:card\" content=\"summary\" \/>\n<meta name=\"twitter:label1\" content=\"Est. reading time\" \/>\n\t<meta name=\"twitter:data1\" content=\"1 minute\" \/>\n<script type=\"application\/ld+json\" class=\"yoast-schema-graph\">{\"@context\":\"https:\/\/schema.org\",\"@graph\":[{\"@type\":\"WebSite\",\"@id\":\"https:\/\/myheritagelanguage.com\/bkms\/#website\",\"url\":\"https:\/\/myheritagelanguage.com\/bkms\/\",\"name\":\"HLT\",\"description\":\"Heritage Language Teaching\",\"potentialAction\":[{\"@type\":\"SearchAction\",\"target\":{\"@type\":\"EntryPoint\",\"urlTemplate\":\"https:\/\/myheritagelanguage.com\/bkms\/?s={search_term_string}\"},\"query-input\":\"required name=search_term_string\"}],\"inLanguage\":\"sr-SP\"},{\"@type\":\"WebPage\",\"@id\":\"https:\/\/myheritagelanguage.com\/bkms\/books\/#webpage\",\"url\":\"https:\/\/myheritagelanguage.com\/bkms\/books\/\",\"name\":\"Knjige | HLT\",\"isPartOf\":{\"@id\":\"https:\/\/myheritagelanguage.com\/bkms\/#website\"},\"datePublished\":\"2017-11-06T15:57:17+00:00\",\"dateModified\":\"2018-10-18T17:20:40+00:00\",\"breadcrumb\":{\"@id\":\"https:\/\/myheritagelanguage.com\/bkms\/books\/#breadcrumb\"},\"inLanguage\":\"sr-SP\",\"potentialAction\":[{\"@type\":\"ReadAction\",\"target\":[\"https:\/\/myheritagelanguage.com\/bkms\/books\/\"]}]},{\"@type\":\"BreadcrumbList\",\"@id\":\"https:\/\/myheritagelanguage.com\/bkms\/books\/#breadcrumb\",\"itemListElement\":[{\"@type\":\"ListItem\",\"position\":1,\"name\":\"Home\",\"item\":\"https:\/\/myheritagelanguage.com\/bkms\/\"},{\"@type\":\"ListItem\",\"position\":2,\"name\":\"Knjige\"}]}]}<\/script>\n<!-- \/ Yoast SEO plugin. -->","yoast_head_json":{"robots":{"index":"index","follow":"follow","max-snippet":"max-snippet:-1","max-image-preview":"max-image-preview:large","max-video-preview":"max-video-preview:-1"},"canonical":"https:\/\/myheritagelanguage.com\/bkms\/books\/","og_locale":"en_US","og_type":"article","og_title":"Knjige | HLT","og_description":"Sa porastom mobilnosti u svetu, \u0161kola se pretvara u multikulturalno mesto. Deca i mladi ljudi sa migracionim poreklom moraju nau\u010diti jezik zemlje u kojoj \u017eive i, istovremeno, nastaviti da neguju jezik svoje zemlje porekla. Ve\u0107ina nastavnika u dopunskim \u0161kolama posve\u0107ena je tom drugom cilju. Me\u0111utim, njihove nastavne metode trebalo bi, koliko je to mogu\u0107e, da [&hellip;]","og_url":"https:\/\/myheritagelanguage.com\/bkms\/books\/","og_site_name":"HLT","article_modified_time":"2018-10-18T17:20:40+00:00","twitter_card":"summary","twitter_misc":{"Est. reading time":"1 minute"},"schema":{"@context":"https:\/\/schema.org","@graph":[{"@type":"WebSite","@id":"https:\/\/myheritagelanguage.com\/bkms\/#website","url":"https:\/\/myheritagelanguage.com\/bkms\/","name":"HLT","description":"Heritage Language Teaching","potentialAction":[{"@type":"SearchAction","target":{"@type":"EntryPoint","urlTemplate":"https:\/\/myheritagelanguage.com\/bkms\/?s={search_term_string}"},"query-input":"required name=search_term_string"}],"inLanguage":"sr-SP"},{"@type":"WebPage","@id":"https:\/\/myheritagelanguage.com\/bkms\/books\/#webpage","url":"https:\/\/myheritagelanguage.com\/bkms\/books\/","name":"Knjige | HLT","isPartOf":{"@id":"https:\/\/myheritagelanguage.com\/bkms\/#website"},"datePublished":"2017-11-06T15:57:17+00:00","dateModified":"2018-10-18T17:20:40+00:00","breadcrumb":{"@id":"https:\/\/myheritagelanguage.com\/bkms\/books\/#breadcrumb"},"inLanguage":"sr-SP","potentialAction":[{"@type":"ReadAction","target":["https:\/\/myheritagelanguage.com\/bkms\/books\/"]}]},{"@type":"BreadcrumbList","@id":"https:\/\/myheritagelanguage.com\/bkms\/books\/#breadcrumb","itemListElement":[{"@type":"ListItem","position":1,"name":"Home","item":"https:\/\/myheritagelanguage.com\/bkms\/"},{"@type":"ListItem","position":2,"name":"Knjige"}]}]}},"_links":{"self":[{"href":"https:\/\/myheritagelanguage.com\/bkms\/wp-json\/wp\/v2\/pages\/4528"}],"collection":[{"href":"https:\/\/myheritagelanguage.com\/bkms\/wp-json\/wp\/v2\/pages"}],"about":[{"href":"https:\/\/myheritagelanguage.com\/bkms\/wp-json\/wp\/v2\/types\/page"}],"author":[{"embeddable":true,"href":"https:\/\/myheritagelanguage.com\/bkms\/wp-json\/wp\/v2\/users\/1"}],"replies":[{"embeddable":true,"href":"https:\/\/myheritagelanguage.com\/bkms\/wp-json\/wp\/v2\/comments?post=4528"}],"version-history":[{"count":1,"href":"https:\/\/myheritagelanguage.com\/bkms\/wp-json\/wp\/v2\/pages\/4528\/revisions"}],"predecessor-version":[{"id":4529,"href":"https:\/\/myheritagelanguage.com\/bkms\/wp-json\/wp\/v2\/pages\/4528\/revisions\/4529"}],"wp:attachment":[{"href":"https:\/\/myheritagelanguage.com\/bkms\/wp-json\/wp\/v2\/media?parent=4528"}],"curies":[{"name":"wp","href":"https:\/\/api.w.org\/{rel}","templated":true}]}}