{"id":1767,"date":"2017-11-06T15:57:17","date_gmt":"2017-11-06T15:57:17","guid":{"rendered":"https:\/\/myheritagelanguage.com\/books\/"},"modified":"2018-07-21T14:25:22","modified_gmt":"2018-07-21T12:25:22","slug":"books","status":"publish","type":"page","link":"https:\/\/myheritagelanguage.com\/sq\/books\/","title":{"rendered":"Librat\/broshurat"},"content":{"rendered":"<p>N\u00ebp\u00ebrmjet mobilitetit t\u00eb rritur, shkolla \u00ebsht\u00eb b\u00ebr\u00eb nj\u00eb vend multikulturor. F\u00ebmij\u00ebt dhe t\u00eb rinjt\u00eb me sfond emigrimi duhet ta m\u00ebsojn\u00eb gjuh\u00ebn e vendit mikprit\u00ebs dhe n\u00eb t\u00eb nj\u00ebjt\u00ebn koh\u00eb duhet t\u00eb p\u00ebrkujdesen edhe m\u00eb tutje p\u00ebr gjuh\u00ebn e tyre t\u00eb prejardhjes. P\u00ebr k\u00ebt\u00eb t\u00eb fundit jan\u00eb p\u00ebrgjegj\u00ebs para s\u00eb gjithash m\u00ebsuesit\/et e m\u00ebsimit n\u00eb gjuh\u00ebn e prejardhjes. Me r\u00ebnd\u00ebsi p\u00ebr kualitetin dhe akceptimin e m\u00ebsimit t\u00eb tyre \u00ebsht\u00eb q\u00eb metodat e tyre t\u00eb jen\u00eb n\u00eb t\u00eb nj\u00ebjt\u00ebn linj\u00eb me p\u00ebrvojat e nx\u00ebn\u00ebsve\/-eve t\u00eb tyre n\u00eb shkoll\u00ebn e rregullt. Seria &#8220;Materiale p\u00ebr m\u00ebsimin n\u00eb gjuh\u00ebn e prejardhjes&#8221; u ofron m\u00ebsuesve pik\u00ebrisht p\u00ebrkrahjen e nevojshme p\u00ebr k\u00ebt\u00eb. <\/p>\n<p>Doracaku &#8220;Bazat dhe arsyet&#8221; paraqet pikat themelore t\u00eb pedagogjis\u00eb, didaktik\u00ebs dhe metodik\u00ebs aktuale n\u00eb vendet e immigrimit. Librat\/broshurat e pun\u00ebs me nxitje didaktike, ofrojn\u00eb propozime praktike m\u00ebsimore dhe shembuj planifikimi p\u00ebr fushat e ndryshme t\u00eb m\u00ebsimit t\u00eb gjuh\u00ebs.<\/p>\n","protected":false},"excerpt":{"rendered":"<p>N\u00ebp\u00ebrmjet mobilitetit t\u00eb rritur, shkolla \u00ebsht\u00eb b\u00ebr\u00eb nj\u00eb vend multikulturor. F\u00ebmij\u00ebt dhe t\u00eb rinjt\u00eb me sfond emigrimi duhet ta m\u00ebsojn\u00eb gjuh\u00ebn e vendit mikprit\u00ebs dhe n\u00eb t\u00eb nj\u00ebjt\u00ebn koh\u00eb duhet t\u00eb p\u00ebrkujdesen edhe m\u00eb tutje p\u00ebr gjuh\u00ebn e tyre t\u00eb prejardhjes. P\u00ebr k\u00ebt\u00eb t\u00eb fundit jan\u00eb p\u00ebrgjegj\u00ebs para s\u00eb gjithash m\u00ebsuesit\/et e m\u00ebsimit n\u00eb gjuh\u00ebn [&hellip;]<\/p>\n","protected":false},"author":1,"featured_media":0,"parent":0,"menu_order":0,"comment_status":"closed","ping_status":"closed","template":"","meta":[],"yoast_head":"<!-- This site is optimized with the Yoast SEO plugin v17.0 - https:\/\/yoast.com\/wordpress\/plugins\/seo\/ -->\n<meta name=\"robots\" content=\"index, follow, max-snippet:-1, max-image-preview:large, max-video-preview:-1\" \/>\n<link rel=\"canonical\" href=\"https:\/\/myheritagelanguage.com\/sq\/books\/\" \/>\n<meta property=\"og:locale\" content=\"sq_AL\" \/>\n<meta property=\"og:type\" content=\"article\" \/>\n<meta property=\"og:title\" content=\"Librat\/broshurat | HLT\" \/>\n<meta property=\"og:description\" content=\"N\u00ebp\u00ebrmjet mobilitetit t\u00eb rritur, shkolla \u00ebsht\u00eb b\u00ebr\u00eb nj\u00eb vend multikulturor. F\u00ebmij\u00ebt dhe t\u00eb rinjt\u00eb me sfond emigrimi duhet ta m\u00ebsojn\u00eb gjuh\u00ebn e vendit mikprit\u00ebs dhe n\u00eb t\u00eb nj\u00ebjt\u00ebn koh\u00eb duhet t\u00eb p\u00ebrkujdesen edhe m\u00eb tutje p\u00ebr gjuh\u00ebn e tyre t\u00eb prejardhjes. P\u00ebr k\u00ebt\u00eb t\u00eb fundit jan\u00eb p\u00ebrgjegj\u00ebs para s\u00eb gjithash m\u00ebsuesit\/et e m\u00ebsimit n\u00eb gjuh\u00ebn [&hellip;]\" \/>\n<meta property=\"og:url\" content=\"https:\/\/myheritagelanguage.com\/sq\/books\/\" \/>\n<meta property=\"og:site_name\" content=\"HLT\" \/>\n<meta property=\"article:modified_time\" content=\"2018-07-21T12:25:22+00:00\" \/>\n<meta name=\"twitter:card\" content=\"summary\" \/>\n<meta name=\"twitter:label1\" content=\"Est. reading time\" \/>\n\t<meta name=\"twitter:data1\" content=\"1 minut\u00eb\" \/>\n<script type=\"application\/ld+json\" class=\"yoast-schema-graph\">{\"@context\":\"https:\/\/schema.org\",\"@graph\":[{\"@type\":\"WebSite\",\"@id\":\"https:\/\/myheritagelanguage.com\/sq\/#website\",\"url\":\"https:\/\/myheritagelanguage.com\/sq\/\",\"name\":\"HLT\",\"description\":\"Heritage Language Teaching\",\"potentialAction\":[{\"@type\":\"SearchAction\",\"target\":{\"@type\":\"EntryPoint\",\"urlTemplate\":\"https:\/\/myheritagelanguage.com\/sq\/?s={search_term_string}\"},\"query-input\":\"required name=search_term_string\"}],\"inLanguage\":\"sq\"},{\"@type\":\"WebPage\",\"@id\":\"https:\/\/myheritagelanguage.com\/sq\/books\/#webpage\",\"url\":\"https:\/\/myheritagelanguage.com\/sq\/books\/\",\"name\":\"Librat\/broshurat | HLT\",\"isPartOf\":{\"@id\":\"https:\/\/myheritagelanguage.com\/sq\/#website\"},\"datePublished\":\"2017-11-06T15:57:17+00:00\",\"dateModified\":\"2018-07-21T12:25:22+00:00\",\"breadcrumb\":{\"@id\":\"https:\/\/myheritagelanguage.com\/sq\/books\/#breadcrumb\"},\"inLanguage\":\"sq\",\"potentialAction\":[{\"@type\":\"ReadAction\",\"target\":[\"https:\/\/myheritagelanguage.com\/sq\/books\/\"]}]},{\"@type\":\"BreadcrumbList\",\"@id\":\"https:\/\/myheritagelanguage.com\/sq\/books\/#breadcrumb\",\"itemListElement\":[{\"@type\":\"ListItem\",\"position\":1,\"name\":\"Home\",\"item\":\"https:\/\/myheritagelanguage.com\/sq\/\"},{\"@type\":\"ListItem\",\"position\":2,\"name\":\"Librat\/broshurat\"}]}]}<\/script>\n<!-- \/ Yoast SEO plugin. -->","yoast_head_json":{"robots":{"index":"index","follow":"follow","max-snippet":"max-snippet:-1","max-image-preview":"max-image-preview:large","max-video-preview":"max-video-preview:-1"},"canonical":"https:\/\/myheritagelanguage.com\/sq\/books\/","og_locale":"sq_AL","og_type":"article","og_title":"Librat\/broshurat | HLT","og_description":"N\u00ebp\u00ebrmjet mobilitetit t\u00eb rritur, shkolla \u00ebsht\u00eb b\u00ebr\u00eb nj\u00eb vend multikulturor. F\u00ebmij\u00ebt dhe t\u00eb rinjt\u00eb me sfond emigrimi duhet ta m\u00ebsojn\u00eb gjuh\u00ebn e vendit mikprit\u00ebs dhe n\u00eb t\u00eb nj\u00ebjt\u00ebn koh\u00eb duhet t\u00eb p\u00ebrkujdesen edhe m\u00eb tutje p\u00ebr gjuh\u00ebn e tyre t\u00eb prejardhjes. P\u00ebr k\u00ebt\u00eb t\u00eb fundit jan\u00eb p\u00ebrgjegj\u00ebs para s\u00eb gjithash m\u00ebsuesit\/et e m\u00ebsimit n\u00eb gjuh\u00ebn [&hellip;]","og_url":"https:\/\/myheritagelanguage.com\/sq\/books\/","og_site_name":"HLT","article_modified_time":"2018-07-21T12:25:22+00:00","twitter_card":"summary","twitter_misc":{"Est. reading time":"1 minut\u00eb"},"schema":{"@context":"https:\/\/schema.org","@graph":[{"@type":"WebSite","@id":"https:\/\/myheritagelanguage.com\/sq\/#website","url":"https:\/\/myheritagelanguage.com\/sq\/","name":"HLT","description":"Heritage Language Teaching","potentialAction":[{"@type":"SearchAction","target":{"@type":"EntryPoint","urlTemplate":"https:\/\/myheritagelanguage.com\/sq\/?s={search_term_string}"},"query-input":"required name=search_term_string"}],"inLanguage":"sq"},{"@type":"WebPage","@id":"https:\/\/myheritagelanguage.com\/sq\/books\/#webpage","url":"https:\/\/myheritagelanguage.com\/sq\/books\/","name":"Librat\/broshurat | HLT","isPartOf":{"@id":"https:\/\/myheritagelanguage.com\/sq\/#website"},"datePublished":"2017-11-06T15:57:17+00:00","dateModified":"2018-07-21T12:25:22+00:00","breadcrumb":{"@id":"https:\/\/myheritagelanguage.com\/sq\/books\/#breadcrumb"},"inLanguage":"sq","potentialAction":[{"@type":"ReadAction","target":["https:\/\/myheritagelanguage.com\/sq\/books\/"]}]},{"@type":"BreadcrumbList","@id":"https:\/\/myheritagelanguage.com\/sq\/books\/#breadcrumb","itemListElement":[{"@type":"ListItem","position":1,"name":"Home","item":"https:\/\/myheritagelanguage.com\/sq\/"},{"@type":"ListItem","position":2,"name":"Librat\/broshurat"}]}]}},"_links":{"self":[{"href":"https:\/\/myheritagelanguage.com\/sq\/wp-json\/wp\/v2\/pages\/1767"}],"collection":[{"href":"https:\/\/myheritagelanguage.com\/sq\/wp-json\/wp\/v2\/pages"}],"about":[{"href":"https:\/\/myheritagelanguage.com\/sq\/wp-json\/wp\/v2\/types\/page"}],"author":[{"embeddable":true,"href":"https:\/\/myheritagelanguage.com\/sq\/wp-json\/wp\/v2\/users\/1"}],"replies":[{"embeddable":true,"href":"https:\/\/myheritagelanguage.com\/sq\/wp-json\/wp\/v2\/comments?post=1767"}],"version-history":[{"count":2,"href":"https:\/\/myheritagelanguage.com\/sq\/wp-json\/wp\/v2\/pages\/1767\/revisions"}],"predecessor-version":[{"id":1770,"href":"https:\/\/myheritagelanguage.com\/sq\/wp-json\/wp\/v2\/pages\/1767\/revisions\/1770"}],"wp:attachment":[{"href":"https:\/\/myheritagelanguage.com\/sq\/wp-json\/wp\/v2\/media?parent=1767"}],"curies":[{"name":"wp","href":"https:\/\/api.w.org\/{rel}","templated":true}]}}

<p>Nëpërmjet mobilitetit të rritur, shkolla është bërë një vend multikulturor. Fëmijët dhe të rinjtë me sfond emigrimi duhet ta mësojnë gjuhën e vendit mikpritës dhe në të njëjtën kohë duhet të përkujdesen edhe më tutje për gjuhën e tyre të prejardhjes. Për këtë të fundit janë përgjegjës para së gjithash mësuesit/et e mësimit në gjuhën e prejardhjes. Me rëndësi për kualitetin dhe akceptimin e mësimit të tyre është që metodat e tyre të jenë në të njëjtën linjë me përvojat e nxënësve/-eve të tyre në shkollën e rregullt. Seria &#8220;Materiale për mësimin në gjuhën e prejardhjes&#8221; u ofron mësuesve pikërisht përkrahjen e nevojshme për këtë. </p>
<p>Doracaku &#8220;Bazat dhe arsyet&#8221; paraqet pikat themelore të pedagogjisë, didaktikës dhe metodikës aktuale në vendet e immigrimit. Librat/broshurat e punës me nxitje didaktike, ofrojnë propozime praktike mësimore dhe shembuj planifikimi për fushat e ndryshme të mësimit të gjuhës.</p>

<p>Nëpërmjet mobilitetit të rritur, shkolla është bërë një vend multikulturor. Fëmijët dhe të rinjtë me sfond emigrimi duhet ta mësojnë gjuhën e vendit mikpritës dhe në të njëjtën kohë duhet të përkujdesen edhe më tutje për gjuhën e tyre të prejardhjes. Për këtë të fundit janë përgjegjës para së gjithash mësuesit/et e mësimit në gjuhën [&hellip;]</p>

<!-- This site is optimized with the Yoast SEO plugin v17.0 - https://yoast.com/wordpress/plugins/seo/ -->
<meta name="robots" content="index, follow, max-snippet:-1, max-image-preview:large, max-video-preview:-1" />
<link rel="canonical" href="https://myheritagelanguage.com/sq/books/" />
<meta property="og:locale" content="sq_AL" />
<meta property="og:type" content="article" />
<meta property="og:title" content="Librat/broshurat | HLT" />
<meta property="og:description" content="Nëpërmjet mobilitetit të rritur, shkolla është bërë një vend multikulturor. Fëmijët dhe të rinjtë me sfond emigrimi duhet ta mësojnë gjuhën e vendit mikpritës dhe në të njëjtën kohë duhet të përkujdesen edhe më tutje për gjuhën e tyre të prejardhjes. Për këtë të fundit janë përgjegjës para së gjithash mësuesit/et e mësimit në gjuhën [&hellip;]" />
<meta property="og:url" content="https://myheritagelanguage.com/sq/books/" />
<meta property="og:site_name" content="HLT" />
<meta property="article:modified_time" content="2018-07-21T12:25:22+00:00" />
<meta name="twitter:card" content="summary" />
<meta name="twitter:label1" content="Est. reading time" />
	<meta name="twitter:data1" content="1 minutë" />
<script type="application/ld+json" class="yoast-schema-graph">{"@context":"https://schema.org","@graph":[{"@type":"WebSite","@id":"https://myheritagelanguage.com/sq/#website","url":"https://myheritagelanguage.com/sq/","name":"HLT","description":"Heritage Language Teaching","potentialAction":[{"@type":"SearchAction","target":{"@type":"EntryPoint","urlTemplate":"https://myheritagelanguage.com/sq/?s={search_term_string}"},"query-input":"required name=search_term_string"}],"inLanguage":"sq"},{"@type":"WebPage","@id":"https://myheritagelanguage.com/sq/books/#webpage","url":"https://myheritagelanguage.com/sq/books/","name":"Librat/broshurat | HLT","isPartOf":{"@id":"https://myheritagelanguage.com/sq/#website"},"datePublished":"2017-11-06T15:57:17+00:00","dateModified":"2018-07-21T12:25:22+00:00","breadcrumb":{"@id":"https://myheritagelanguage.com/sq/books/#breadcrumb"},"inLanguage":"sq","potentialAction":[{"@type":"ReadAction","target":["https://myheritagelanguage.com/sq/books/"]}]},{"@type":"BreadcrumbList","@id":"https://myheritagelanguage.com/sq/books/#breadcrumb","itemListElement":[{"@type":"ListItem","position":1,"name":"Home","item":"https://myheritagelanguage.com/sq/"},{"@type":"ListItem","position":2,"name":"Librat/broshurat"}]}]}</script>
<!-- / Yoast SEO plugin. -->

Nëpërmjet mobilitetit të rritur, shkolla është bërë një vend multikulturor. Fëmijët dhe të rinjtë me sfond emigrimi duhet ta mësojnë gjuhën e vendit mikpritës dhe në të njëjtën kohë duhet të përkujdesen edhe më tutje për gjuhën e tyre të prejardhjes. Për këtë të fundit janë përgjegjës para së gjithash mësuesit/et e mësimit në gjuhën [&hellip;]

1 minutë
